 the remainder when 330 is divided by b(-11).
8
Let c(r) = -r**3. Let m be c(-2). Let p be (-14)/18 - m/36. What is the remainder when (-2)/6*(4 + p)*-37 is divided by 20?
17
Suppose 25 - 61 = 6*m. Let a(q) = 5*q + 55. What is the remainder when 43 is divided by a(m)?
18
Let o(k) = 9*k - 238. What is the remainder when 2146 is divided by o(39)?
112
Suppose -132*v + 111*v = -1008. Calculate the remainder when 65 is divided by v.
17
Let w = -158 - -239. What is the remainder when w is divided by 30 + (-20)/60 + (-4)/6?
23
Let j(a) be the first derivative of 5*a**4/4 + 2*a**2 - 3*a + 1. Suppose 6*h = 297 - 291. Calculate the remainder when 52 is divided by j(h).
4
Suppose 5*r - 57 = -m + 84, 4*r - 140 = -m. Suppose -5*p + 9*p - m = 0. Let f = -4 - -11. What is the remainder when p is divided by f?
6
Suppose 4*t - 200 = -0*y + y, -128 = -2*t - 3*y. Calculate the remainder when 1549 is divided by t.
41
Let j(s) = -4*s - 10. Suppose 0 = n + 3*n - 20. Suppose x - n + 20 = 0. Calculate the remainder when j(x) is divided by 27.
23
Calculate the remainder when (40995/(-140) + 72/32)*-7 is divided by 1017.
0
Let s = -1761 - -1912. What is the remainder when 849 is divided by s?
94
Let n = -171 + 297. Suppose 5*x - 202 + 9 = -4*i, 3*x = i + n. What is the remainder when 113 is divided by x?
31
Let l(n) = 2*n**2 - 11*n + 19. Let u be l(6). Suppose -12*o + 407 = -u. Calculate the remainder when o is divided by 4.
0
Let i(j) = 2*j**2 - 50*j - 396. What is the remainder when i(-24) is divided by 22?
20
Suppose -2425 = -20*y + 975. What is the remainder when y is divided by 46?
32
Suppose 3*y + 109780 = 3*y + 11*y. Calculate the remainder when y is divided by 16.
12
Suppose 745*m = 748*m - 11841. What is the remainder when m is divided by 104?
99
Let c(a) = -354*a - 54. Calculate the remainder when c(-1) is divided by 41*1 + -1 + 3.
42
Suppose 49*j + 32*j - 1258711 + 250342 = 0. What is the remainder when j is divided by 150?
149
Let i(p) = 2*p**2 + 58*p + 41. Suppose 437 - 263 = -6*c. What is the remainder when i(c) is divided by 3?
2
Let k(j) = 45*j - 8. Suppose -5*h + 2*b + 33 = 0, 111*h - 110*h - 5 = 2*b. What is the remainder when k(1) is divided by h?
2
Let u(d) = -14*d - 17. Let q be u(-6). Let o = 81 + q. What is the remainder when o is divided by 30?
28
Let m(l) = -4 - 5*l + 13 + 4*l - 5. What is the remainder when 151 is divided by m(-23)?
16
Let v(l) = -86*l - 20 + 24 - 15. Let a be v(10). Calculate the remainder when a/(-52)*(0 + 4) is divided by 34.
33
Let l be 10/8 - 63/252. What is the remainder when (2 + 508)/3 - l is divided by 58?
53
Let k(a) = a**3 - 11*a**2 - 12*a + 2. Suppose 15*n + 6 = 17*n - 2*s, -22 = -2*n - 2*s. Calculate the remainder when n is divided by k(12).
1
Suppose -66 = -2*q + 5*a, -7*a + 2*a + 26 = 2*q. Suppose 3*g = -q*g + 442. What is the remainder when 94 is divided by g?
9
Let f(t) = 15 - 36*t + 18*t + 16*t. Let v be f(6). Suppose 0 = 10*c - 123 + v. Calculate the remainder when c is divided by 11.
1
Let k be (108/(-10))/(2/(-25)). Let a = 6 + k. What is the remainder when a is divided by 16?
13
Suppose -5*f + 10530 = q, 147 = f + q - 1963. What is the remainder when f is divided by 124?
121
Let y be 196/(-56)*(-2)/(-7)*1. Suppose g - 26 = -3*s, -g - 40 + 2 = -5*s. Calculate the remainder when 57 is divided by s + 1 - (y + 10)/3.
3
Suppose -2*k - 2*g + 7 - 5 = 0, -2*g = -2. Suppose c - 26 = -2*p, k = 4*p + c + 90 - 142. What is the remainder when 374 is divided by p?
10
Suppose 0 = -4*o + 3*f + 136, -8*o - 4*f + 102 = -5*o. Let n be 0 + o - (1 - 2) - -4. Suppose -3*p + n = -3. What is the remainder when 49 is divided by p?
7
Let h = 36 + -31. Suppose t - 5*a + 2 = -t, -t - h*a = -14. Suppose -4*o - t*n = -196, o + 4*o - 227 = n. Calculate the remainder when o is divided by 7.
4
Let y(s) = -s**2 - 13*s - 5. Calculate the remainder when (-2)/26 + (-22 - 83250/(-481)) is divided by y(-9).
27
Let u(h) = 66*h - 2379. What is the remainder when 361 is divided by u(37)?
46
Suppose 17*u = 22*u + r - 19, 5*u - r = 21. Calculate the remainder when 931 is divided by u.
3
Suppose -5*b - 2*s - 2*s + 5 = 0, 3*b - 35 = 4*s. Let w = -386 - -402. What is the remainder when w is divided by b?
1
Let j(q) = -8*q + 57. Let n(z) = -7*z - 44. Let o be n(-7). Calculate the remainder when 61 is divided by j(o).
10
Let k = 5716 - 5243. What is the remainder when k is divided by 154?
11
Suppose 6358 = 291*a + 287*a. Calculate the remainder when 22890 is divided by a.
10
Let q(b) = 19*b - 259. Let p(g) = -2*g**2 - 1. Let z be p(-1). Let j = 17 + z. Calculate the remainder when q(15) is divided by j.
12
Let k = 182 - 378. Let h = k + 270. What is the remainder when h is divided by 30?
14
Let y = -130 + -2. Let g = 64 - y. Suppose 4*h - g - 132 = 0. What is the remainder when h is divided by 21?
19
Suppose -24 = 619*v - 625*v. What is the remainder when 5*(-9)/90 - (-1134)/v is divided by 19?
17
Let o(f) = -f**3 + 7*f**2 - 5*f - 1. Let j(c) = 4*c**2 + c - 47. Suppose g + 12 = 3*g. What is the remainder when j(g) is divided by o(4)?
22
Suppose 142929 = 17*x - 1061. Suppose -34*q + 41*q - x = 0. What is the remainder when q is divided by 101?
99
Calculate the remainder when 622 is divided by (-1 - (-2)/(-4))/((-5)/(18 + 52)).
13
Let o = -68 - -79. Calculate the remainder when 1424 is divided by o.
5
Let i(q) = 2*q**2 - 7*q + 4. Suppose 125*c - 126*c + 5 = 0, b = 2*c + 58. Calculate the remainder when b is divided by i(5).
11
Let y(z) = -3*z**3 - 8*z**2 - 25*z - 17. Calculate the remainder when y(-7) is divided by 14.
11
Suppose -2*f + 8 = 2, 0 = a - f - 36. Suppose 5*p - 46 - 44 = 0. Suppose -46 = -4*i + p. What is the remainder when a is divided by i?
7
Let m(f) = -28 + 2*f**2 - f**2 + 5*f - 51*f**3 + 17*f**3 + 32. What is the remainder when 52 is divided by m(-1)?
18
Suppose -5*y + 4*f + 2183 = 0, 3*y - 4*f = 1205 + 116. Let i = -70 - -106. Calculate the remainder when y is divided by i.
35
Suppose 0 = 27*z - 31*z - 32. Let c(w) = -9*w - 53. Calculate the remainder when 301 is divided by c(z).
16
Let o = -71 - -35. Calculate the remainder when (-134)/(-4) + (-3)/(-6) is divided by o/(9/((-27)/6)).
16
Let z = 473 - 802. Let g = 555 + z. What is the remainder when g is divided by 19?
17
What is the remainder when 1125 is divided by -4*(-156)/(-2080) + 986/20?
47
Suppose 19 - 15 = 2*l. Suppose -2*u - l*p = -26, -2*u + 2*p = -3*u + 13. Calculate the remainder when 324 is divided by u.
12
Suppose 115*s - 30105 = 70*s. Calculate the remainder when s is divided by 9.
3
Let c(o) = 4*o**3 - 7*o**2 + 17*o + 5. Let g(u) = 9*u**3 - 16*u**2 + 35*u + 10. Let m(y) = 5*c(y) - 2*g(y). Calculate the remainder when m(3) is divided by 42.
35
Suppose -678*z = -688*z + 640. Suppose -z - 62 = -9*c. Let i = 69 + -42. Calculate the remainder when i is divided by c.
13
Suppose -88 - 22 = 5*t. Suppose -2*z - 21 = 3*b - 0, b = -5*z - 72. Calculate the remainder when 36 is divided by (6/15)/(3/z) - t.
16
Suppose 8*i - 362 + 50 = 0. Suppose 2*z + 0*z + 5*w = -93, -z = 5*w + i. Calculate the remainder when (-9)/z + 190/12 is divided by 6.
4
Suppose 26 = -3*a + 134. Let b = a + -23. Suppose 189 = -3*f + 6*f. What is the remainder when f is divided by b?
11
What is the remainder when (-1 - 6/(-4))/((-980)/46256)*-20 is divided by 7?
3
Let z be 14982/99 - 4/(-6). Calculate the remainder when 490 is divided by 5*z/80*(2 + 0).
15
Let n be 48/18*(-6)/4. Suppose 888 = -3*b + 9*b. What is the remainder when b is divided by (2 - 0)/(n/(-30))?
13
Let p(j) = -18*j + 179. Let h be p(9). Let q(l) = l**3 - 17*l**2 + 6*l - 61. Calculate the remainder when 148 is divided by q(h).
25
Suppose -5*y + 24 + 1 = 0. Let g(v) = v**3 + 8*v**2 + 22*v + 120. Let n be g(-7). Let o = y + n. What is the remainder when 76 is divided by o?
16
Suppose 294 = 38*g - 10. Calculate the remainder when g/10 - (2352/(-60) - 0) is divided by 12.
4
Suppose -3*y + 28 = 4*h, 14 = 5*y - 3*y - 2*h. Calculate the remainder when (1*47)/((-45)/9 + 6) is divided by y.
7
Let x be 0 + ((-12)/2)/(4/(-2)). Suppose 606 = -3*k - x*h, h = -0*h + 4. Let w = -144 - k. Calculate the remainder when w is divided by 16.
14
Let s = 35 + -87. Let a = -816 + 873. Let j = s + a. What is the remainder when 14 is divided by j?
4
Suppose -18 = -